/((-1)/(-14)). Let s(x) = x**3 - 8*x**2 - 8. Give s(r).
-8
Let o be 1/(-5) - (-31)/5. Suppose -3*w - o - 9 = 0. Let p(x) = 2*x**2 + 6*x - 4. Determine p(w).
16
Let s(t) = t**2 - 13*t + 12. Let w(q) = q**2 + 2. Let j be w(-3). Give s(j).
-10
Let c = -1 - 0. Let m(u) = -16*u**3 - 3*u**2 - u + 1. Let a(r) = 34*r**3 + 7*r**2 + 2*r - 3. Let s(h) = 2*a(h) + 5*m(h). Calculate s(c).
11
Let n = -27 + 29. Suppose -n*a - a = -6. Suppose -6*d - a = -14. Let h(z) = -z**3 + 2*z**2 - 2*z. Determine h(d).
-4
Let a(y) be the first derivative of -y**3 + 1. Let z be ((-32)/(-48))/(1/(-3)). Give a(z).
-12
Let p(b) = -2*b - b + b - 2. Let f be -1*(4/18 - 6/27). Let x(l) = -l**2 - l + 3. Let u be x(f). Determine p(u).
-8
Let k(z) = -2*z - 12 + 5 + 3 - 14. Calculate k(-12).
6
Let g(p) = 2*p**3 + 14*p**2 + 2*p + 14. Let f be g(-7). Let d(v) = v**3 + v - 3. What is d(f)?
-3
Suppose 20 = 5*a, -6*k + 4*k = 4*a - 6. Let i(o) = -3*o - 2. Calculate i(k).
13
Let o(s) = s**3 - 7*s**2 - 6*s - 10. Let l(i) = i**2 - 13*i + 5. Suppose -2*y + 16 = -10. Let r be l(y). Suppose 3*x + f = -10 + 29, r*x - 60 = 4*f. Give o(x).
6
Let n(r) = r**2 - 5*r + 3. Let x be ((-84)/147)/(2 + 132/(-63)). What is n(x)?
9
Let o(z) be the first derivative of 1/3*z**3 + 9 + 2*z + 1/2*z**2 - 1/12*z**4 + 1/20*z**5. Let h(t) be the first derivative of o(t). What is h(2)?
9
Let n(a) be the second derivative of a**3/6 - a**2/2 - 2*a. Suppose 18 = -2*b + 5*b. Give n(b).
5
Let c = 14 - 17. Let z = c + 8. Let u(r) = 0 + 2*r - 4*r**2 + 3*r**2 + 7. Calculate u(z).
-8
Let b(z) be the first derivative of -z**3/3 + 7*z**2/2 + z - 65. Calculate b(6).
7
Let y = -315 + 298. Let r(o) = -o - 13. Determine r(y).
4
Let n(c) be the second derivative of c**5/20 + c**4/2 - c**3 + 2*c**2 + 165*c. Calculate n(-7).
-3
Let m(w) be the third derivative of -w**4/12 - 5*w**3/3 + 30*w**2 - 1. Determine m(-10).
10
Suppose 0 = -3*c + 7*c - 5*u + 12, c - 3*u + 10 = 0. Suppose -3*n + 6 = -2*v + 5, c*v = -n + 3. Let s(t) = 0*t**2 - 1 + 0 + t**2. Calculate s(n).
0
Let x(i) = -i + 68 - 8*i + 0*i - 60 - 10*i**2 - i**3. What is x(-8)?
-48
Let g(q) = -q. Let y(f) = -f + 5. Let p(a) = -2*g(a) - y(a). Suppose -10*c + 4 = -56. What is p(c)?
13
Let b = -1 + 5. Let n(d) = d**2 + 16*d + 1. Let s(p) = -5*p**2 - 71*p - 5. Let x(j) = 9*n(j) + 2*s(j). Calculate x(b).
-9
Suppose -12*f + 14*f = -2. Let m(i) = 5*i**3 - 2*i - 3. Let w be m(f). Let v(y) = 3*y + 5. Give v(w).
-13
Suppose 72*o = 60*o - 48. Let r(a) = a**3 + 5*a**2 - a. Calculate r(o).
20
Let a(p) = p**2 - 10*p + 4. Let s be a(10). Suppose 5*d - 1 = s. Let l(z) = z + 1. Let k(n) = -2*n - 1. Let v(h) = k(h) + l(h). Determine v(d).
-1
Suppose -25*m = -24*m - 3. Let t(o) = -m + 21*o + 19*o - 41*o. Suppose 12 = 2*n - 5*y, -3*n + 2*y - 20 = 4*y. Determine t(n).
1
Let g(m) = -3 + 6 + 383*m - 382*m. Let a = -11 + 6. Give g(a).
-2
Let d(r) = r + 19. Suppose -6*v = 2*l + 52, 6*v = -2*l + 3*v - 37. Give d(l).
8
Let t(g) = g**2 + 3. Suppose -3*f = 5*u - 18, 3*f + 1 = 4. What is t(u)?
12
Let y(w) = 4*w**2 + 4*w + 3. Let r(l) = l**2 + l + 1. Let z = 37 + -36. Let d(m) = z*y(m) - 3*r(m). What is d(2)?
6
Let u = 589 + -588. Let q(d) = 3*d**3 + d. What is q(u)?
4
Let c(s) = s**3 + 3*s**2 - 6*s + 7. Suppose n + 8 = f + 5, -2*n - 4*f - 18 = 0. What is c(n)?
-13
Let u = 7 + 1. Let v(i) = -u + 60*i - 32*i - 27*i. Calculate v(0).
-8
Suppose -9*r - 22 = -4. Let a(i) = -7*i - 2. Determine a(r).
12
Let b(a) be the third derivative of a**2 + 1/60*a**6 + 0 + 1/6*a**3 - 1/30*a**5 + 0*a + 0*a**4. Let t be 1 + -2 + 0/(-2). Give b(t).
-3
Let t(i) = -i + 6. Suppose -4*o = -4*c - 120, 0 = c - 0*c + 3. Let n = -25 + o. Suppose 6*h = n*h. What is t(h)?
6
Let x(w) be the second derivative of -12*w + w**3 + 1/20*w**5 + 5/2*w**2 + 0 - 7/12*w**4. Determine x(5).
-15
Suppose -5*p - 5*g = 0, 3*p + 2*g - g + 10 = 0. Let v(j) = -2*j**2 - 7*j - 4. Give v(p).
-19
Suppose 3*c = 7*c - 28. Let r(o) = -2*o**2 - 7*o + 0 - 7*o**2 + 8*o**2 - c. Suppose 0 = 2*g + 13 - 3. What is r(g)?
3
Suppose 13*l - 3*l - 30 = 0. Let v be ((-1)/(-1))/((-1)/(-4)). Let j(c) = -1 + v + c**2 - 6*c - 5. Calculate j(l).
-11
Let d(h) = -3 - 5*h + 13*h**2 - 18*h**2 + 4*h**2. Suppose f = -0*f + 5*m - 21, -33 = 4*f - 3*m. What is d(f)?
-9
Let z(f) = -9*f**2 - 2*f + 3. Let i(s) = 11*s**2 + 2*s - 4. Let a(u) = -4*i(u) - 5*z(u). Give a(-4).
9
Let k(w) = -1 - 6*w**2 + 3 + 3*w - 5 + w**3 - 3 + 7. Let z(m) = -2*m - 5. Let v be z(-5). What is k(v)?
-9
Let x(t) be the second derivative of -5/2*t**2 - 21*t - 1/6*t**3 + 0. What is x(-8)?
3
Let c(p) = -p**2 + 10*p + 0*p**2 - 4 - 1. Let i(g) = 36*g + 1592. Let k be i(-44). Give c(k).
11
Suppose -12*l = 17*l. Let c(z) be the third derivative of l + 4*z**2 - 2/3*z**3 + 0*z - 1/12*z**4. What is c(-3)?
2
Let z = -216 + 210. Let g(s) = s - 2. Let i be g(3). Let b(x) = i - 1 - 5 + x. Give b(z).
-11
Let g(u) = 5*u + 3. Suppose -b = -k + 11, -93*k - 38 = -97*k + 2*b. What is g(k)?
43
Let y(s) = s + 6. Let i(t) = 35*t + 30. Let b be i(-1). What is y(b)?
1
Let j(s) be the first derivative of -1/15*s**5 - 1/120*s**6 - s**2 + 9 + 1/12*s**4 - 5/6*s**3 + 0*s. Let k(o) be the second derivative of j(o). Give k(-4).
-13
Let s(b) = 19 + 10*b - 21*b + b**2 + 4 - 4*b. Calculate s(10).
-27
Let j be -30*((-78)/(-15) + -4). Let w be (4/6 - (-51)/j)*4. Let x(c) = -c - 1. Give x(w).
2
Let y(a) = -a**3 + 5*a**2 - a - 5. Let n = -140 + 140. Suppose 19 = z + 5*i, n*i - 4*i = -z - 8. Calculate y(z).
7
Let l(c) = -c**2 - c + 4. Let t(r) = 2*r**2 + 4*r + 4 + 6*r**3 + 1 - 3 + 2*r**2. Let z be t(-2). Let p = -35 - z. Determine l(p).
-8
Let b(a) = -20*a - 402. Let x be b(-20). Let v(t) = -t**3 - 3*t**2 - t - 2. Give v(x).
-4
Let m = 64 - 61. Let v(n) = -n**3 - n + n**3 - 4*n**m + n**2. Give v(1).
-4
Suppose -3*q + 6*q = 90. Suppose -5*r + q = 3*b, 2*r + 4*b + 6 - 18 = 0. Let x(i) = 18 - 8 + i**2 - r*i - 10. What is x(4)?
-8
Let y = 753 - 751. Let o(b) be the second derivative of -6*b + 0*b**3 - 1/12*b**4 + 2*b**y + 0. What is o(-3)?
-5
Let v(w) be the third derivative of -w**5/15 + w**4/6 + 5*w**3/6 - 7*w**2. Let t be v(-1). Let h(r) = -r**3 - 2*r**2 - 1. Determine h(t).
8
Let n(w) = w**2 + 3*w - 4. Let y = 29 - 20. Let z(b) = -b**2 + 9*b - 4. Let d be z(y). Determine n(d).
0
Let x be 1/(4/12 - 0). Let c(v) = 0 - 3*v - x + 9 - 4 + v**2. Determine c(3).
2
Let h(i) = -i**2 - 4*i + 3. Suppose 5*w + 4*n - 33 = -8, -2*w = 3*n - 3. Suppose 3*c + 12 = -2*s - c, -3*s - w = -3*c. What is h(s)?
3
Suppose 0 = 16*x - 12*x + 12. Let f(r) = 3*r**2 + 10*r + 13. Let q be f(x). Let o(k) = k - 4. What is o(q)?
6
Suppose g + 0*g = -h + 5, 2 = -2*h - 5*g. Let c(u) = -8*u + 7. Let k(j) = 2*j - 2. Let z(r) = h*k(r) + 2*c(r). Suppose 10 + 20 = 5*o. Calculate z(o).
8
Let t(g) = -195*g - 18 - 200*g - g**2 - 188*g + 597*g. Determine t(13).
-5
Let w = -41 + 50. Let q(h) = 2*h**3 - 17*h**2 - 9*h - 1. What is q(w)?
-1
Let h(u) = u**3 + 8*u**2 - u - 2. Suppose 54 = 2*n - 42. Let d = n - 56. Give h(d).
6
Let i(h) be the second derivative of -7*h**5/20 - h**4/12 + h**3/3 - h**2/2 - 3*h - 130. What is i(1)?
-7
Let f(c) = c**3 + 14*c**2 + 2*c + 3. Suppose -38 = 29*w + 368. Give f(w).
-25
Let g(m) = -m**3 + 9*m**2 - 6*m - 8. Let h(s) = s**2 + 9*s + 10. Let b be h(-8). Suppose -b*d = -4 - 12. What is g(d)?
8
Let p(b) = -16*b**2 - 13*b. Suppose -5*r - 35 = 2*r. Let k(t) = 11*t**2 + 9*t. Let j(s) = r*p(s) - 7*k(s). Determine j(-2).
8
Let j(x) be the third derivative of -x**5/60 - 17*x**4/24 + 7*x**3/6 - x**2 + 16*x. What is j(-9)?
79
Suppose 6*q - 11 = 13. Let j(o) = -3*o + 3. What is j(q)?
-9
Suppose 0 = 122*z - 34*z - 1496. Let c(i) = -i**3 + 16*i**2 + 15*i + 30. What is c(z)?
-4
Let g be (0 + 1)/((-3)/6). Let f be (-111)/(-21) + g/7. Let m(t) = f*t + 1 + t**3 - 14*t**2 - 5 + 20*t**2. What is m(-5)?
-4
Let p(z) be the second derivative of z**5/20 + z**4/3 + 7*z**2/2 - 35*z. Determine p(-4).
7
Let x(d) = d + 5. Let h = -46 + 66. Suppose 20 = -4*v + h. What is x(v)?
5
Let d = -5 - -2. Let j = d - -3. Let t(n) = -2*n**2 - 1 + n**2 + 4 + n**3 + n. Calculate t(j).
3
Let h(l) be the second derivative of l**3/6 + 12*l**2 - 939*l. What is h(-11)?
13
Let c(g) = 2*g**3 - 52*g**2 + 52*g - 55. Let t be c(25). Let w(b) = b**2 + 7*b + 6. Determine w(t).
-4
Let i(t) = t**2 - 246*t + 512*t - 250*t + 45 + 0*t*